5
What is the greatest common factor of 598405459 and 2902?
1451
Calculate the highest common divisor of 18530414 and 664.
166
What is the greatest common divisor of 17 and 486654308?
17
Calculate the greatest common divisor of 270 and 228268440.
90
Calculate the highest common divisor of 70502412 and 55276.
4252
What is the highest common factor of 1432872492 and 7636?
7636
What is the highest common divisor of 976476959 and 61?
61
What is the greatest common divisor of 2027 and 555734482?
2027
What is the highest common divisor of 17515630 and 220?
110
Calculate the greatest common divisor of 4142 and 31844.
38
What is the greatest common divisor of 2135 and 5040?
35
What is the greatest common factor of 19272 and 108551949?
2409
Calculate the greatest common factor of 946308060 and 180.
180
Calculate the greatest common divisor of 14460 and 3380.
20
What is the greatest common divisor of 1189795 and 15?
5
What is the highest common divisor of 3129575 and 200?
25
What is the greatest common factor of 21353644 and 988?
988
What is the highest common divisor of 4901 and 621133136?
4901
What is the highest common factor of 9191742 and 1869?
1869
Calculate the highest common divisor of 748577 and 32279001.
9019
Calculate the greatest common factor of 747730 and 1035.
115
What is the highest common divisor of 81 and 1331?
1
What is the highest common factor of 116240 and 220960?
80
Calculate the highest common factor of 19586286 and 26358.
1146
What is the greatest common factor of 85232 and 1045614?
1522
Calculate the greatest common factor of 506850 and 370.
10
What is the greatest common factor of 200 and 16587880?
40
What is the highest common factor of 53128 and 1225608?
1832
Calculate the highest common factor of 72350640 and 230.
230
Calculate the highest common factor of 592328 and 25069.
583
Calculate the highest common divisor of 45450 and 23810.
10
Calculate the highest common factor of 332 and 26900549.
83
What is the greatest common factor of 32 and 5042038?
2
What is the greatest common divisor of 4936694 and 12663?
469
What is the greatest common factor of 32 and 7972944?
16
What is the greatest common divisor of 2472 and 2741036?
412
What is the greatest common factor of 473 and 4676551?
473
What is the greatest common divisor of 109 and 139557823?
109
Calculate the highest common divisor of 19330584 and 143286.
13026
What is the greatest common divisor of 4693440 and 3840?
960
What is the highest common factor of 1144 and 117512252?
572
What is the greatest common factor of 284610 and 2984430?
1590
Calculate the highest common divisor of 16928 and 2348256.
32
Calculate the greatest common factor of 24502313 and 1096.
137
Calculate the greatest common factor of 11747073 and 117.
39
What is the greatest common factor of 206308 and 52?
4
Calculate the highest common divisor of 25421015 and 1112.
139
Calculate the highest common factor of 10466458 and 27778.
1462
What is the greatest common factor of 85671 and 554553?
513
Calculate the greatest common factor of 314165985 and 861.
861
Calculate the highest common divisor of 120 and 12362664.
24
What is the greatest common factor of 2504 and 4326286?
626
Calculate the highest common divisor of 70035 and 44977695.
3045
Calculate the highest common divisor of 790627606 and 106.
106
Calculate the greatest common divisor of 121 and 2844259.
11
Calculate the greatest common factor of 34505378 and 10.
2
Calculate the greatest common divisor of 169694 and 13372982.
5474
What is the highest common factor of 112944 and 61872?
48
What is the highest common divisor of 312850040 and 13935?
4645
What is the highest common divisor of 1628 and 5403794?
22
Calculate the highest common divisor of 304634 and 681.
227
Calculate the highest common divisor of 6 and 553450818.
6
Calculate the greatest common factor of 2870 and 416082555.
1435
What is the highest common divisor of 8795712 and 42?
6
What is the greatest common divisor of 815 and 3437018?
163
Calculate the highest common factor of 10176 and 624576.
192
Calculate the highest common factor of 90609300 and 40.
20
What is the highest common factor of 18249 and 191803073?
6083
Calculate the highest common factor of 273196 and 57655.
887
What is the greatest common divisor of 484 and 105206596?
484
What is the greatest common divisor of 274248 and 3296904?
312
Calculate the highest common factor of 27504 and 198252.
36
What is the highest common divisor of 14771292 and 108?
12
What is the greatest common factor of 55 and 3338566?
11
What is the greatest common divisor of 196979 and 55471?
17
Calculate the greatest common factor of 6352 and 10005988.
1588
What is the highest common factor of 4352 and 8845916?
68
What is the highest common divisor of 174 and 33655602?
174
What is the highest common factor of 3481 and 999637?
59
What is the highest common divisor of 23463 and 7051?
11
What is the greatest common factor of 58930 and 2670?
10
What is the greatest common factor of 1383932 and 41642?
886
Calculate the highest common factor of 11 and 7769857.
1
What is the highest common factor of 6860 and 30905?
35
What is the greatest common divisor of 37900723 and 6461?
497
Calculate the greatest common divisor of 252 and 49752297.
63
What is the highest common divisor of 120881 and 167459?
1109
What is the greatest common factor of 132803256 and 1209?
93
What is the highest common divisor of 64170 and 725958?
558
Calculate the highest common factor of 272536526 and 1574.
1574
Calculate the greatest common factor of 136780 and 270629.
977
Calculate the greatest common factor of 4395910 and 705.
235
What is the highest common factor of 4336 and 25397036?
1084
Calculate the highest common factor of 849705 and 173308.
37
What is the highest common factor of 10356480 and 656?
16
Calculate the highest common factor of 40684842 and 2112.
66
Calculate the highest common divisor of 166921232 and 20672.
5168
Calculate the greatest common factor of 876486 and 574158.
1326
What is the highest common factor of 456652466 and 122?
122
What is the greatest common factor of 44 and 1227314?
22
Calculate the highest common factor of 54 and 894446226.
54
Calculate the greatest common divisor of 6879931 and 316535.
1711
What is the highest common divisor of 6 and 949044?
6
What is the greatest common divisor of 24992982 and 5550?
222
What is the greatest common factor of 10763311 and 91?
13
What is the highest common divisor of 3500 and 2322530?
70
What is the highest common divisor of 45 and 367547805?
45
What is the highest common divisor of 8716 and 1518763?
2179
What is the greatest common divisor of 476 and 1504244?
28
Calculate the highest common factor of 52980372 and 54.
54
What is the greatest common factor of 3796 and 367117?
73
What is the greatest common factor of 427464 and 40272?
24
What is the greatest common divisor of 51842290 and 16160?
1010
What is the highest common factor of 74545022 and 58?
58
What is the greatest common divisor of 9495736 and 34534?
1114
Calculate the greatest common divisor of 381875 and 1222.
611
What is the highest common divisor of 230832 and 1134?
126
What is the greatest common divisor of 19875425 and 665?
95
What is the highest common factor of 369434429 and 611?
611
Calculate the greatest common divisor of 18744 and 452.
4
What is the highest common factor of 214120597 and 1?
1
What is the greatest common divisor of 28742 and 2296?
14
What is the greatest common divisor of 395692 and 121946?
506
Calculate the highest common divisor of 35798 and 16618.
14
Calculate the greatest common divisor of 5320 and 717337096.
1064
Calculate the greatest common divisor of 1852032 and 1677.
39
What is the greatest common factor of 1321009 and 9012?
751
What is the greatest common divisor of 36537696 and 26?
26
What is the highest common factor of 1758 and 116229291?
879
What is the greatest common factor of 23520479 and 145?
29
What is the greatest common factor of 224244 and 81540?
36
Calculate the greatest common factor of 8805 and 28688451.
1761
Calculate the highest common factor of 1162235544 and 12888.
4296
What is the highest common divisor of 2040357 and 359601?
561
Calculate the greatest common divisor of 1356 and 32820.
12
Ca